d derivative of v(b). Give k(-1).
6
Let o(s) = -1571*s + 3135*s - s**3 - 15*s**2 + 47 - 1561*s. Give o(-15).
2
Let s(a) be the second derivative of a**6/360 + a**5/60 + a**4/4 + 25*a**3/6 + 10*a. Let u(m) be the second derivative of s(m). Determine u(-4).
14
Let h(y) = -4*y + 4. Let q be h(3). Let r be 26/(-7) + q/28. Let a(k) be the second derivative of k**5/20 + 5*k**4/12 + 5*k**3/6 + k**2 + 5*k. Give a(r).
-2
Let p(v) = v**2 + v. Let o(f) = 3*f**2 + 67*f + 22. Let x be o(-22). Give p(x).
0
Let n(j) = j**2 + 8*j + 6. Let y(c) = c**3 - c**2 - 4*c. Let k be y(-2). Calculate n(k).
-10
Let y = -186 + 183. Let f(r) = 2*r**2 + 3*r - 3. What is f(y)?
6
Let m be 7/1 + -4 + 2. Suppose -m*l + 5*p = -30, 5*l - 2*p = l + 22. Let f be (1 - 4 - l) + 2. Let h(x) = x**3 + 6*x**2 - x - 5. Give h(f).
1
Let i = -4 - -4. Let o = -3 - i. Let y(f) be the third derivative of f**5/60 + f**4/6 - 2*f**2 + 2*f. Calculate y(o).
-3
Suppose 4*k - 4*f - 3 = 5, -4*k - 10 = 2*f. Let w(l) = l + 51 - 28 - 6*l**2 - 23. Determine w(k).
-7
Let p(q) = 28*q**2 + 2*q + 1. Suppose 107*u - 117*u = 10. Determine p(u).
27
Suppose 2*j - 19 + 23 = 0. Let y(f) = -8*f - 1. Calculate y(j).
15
Let u(j) = -10*j - 1. Let r be u(-1). Let a(c) = 5*c + 5. Let p(o) = -o - 1. Let z(f) = r*p(f) + 2*a(f). Let b be 3/5 + (-56)/10. Calculate z(b).
-4
Let y(m) = 3*m**3 - 2 + m - m + 2*m**2 - 2*m. Let v be (13 - 18) + (-3)/(-1). What is y(v)?
-14
Let p(l) = 19 - 16 - 2 - 3*l + 2*l**2. Calculate p(-3).
28
Let b(m) = 729*m - 369*m - 16 - 9 - 362*m - 2. Give b(-11).
-5
Let p(u) = u + 9. Let y be (-6 - 0)/(2/3). Let a be p(y). Let d(v) = 2 - v - v**2 + 3 - 1. What is d(a)?
4
Let r = 16 - -2. Suppose 4*h - 6 = -r. Let n(k) be the second derivative of -k**4/12 - k**3/2 + 6*k. Determine n(h).
0
Let q(k) = 7*k. Suppose p - 12 = -5*x, -p = -4*x + 6 - 0. Suppose 2*d + 79 = -m, 0*m + 75 = -m + x*d. Let j be m/(-63) - 2/9. Calculate q(j).
7
Let x(c) = 8 - 6 - 2*c + 9*c - 6*c + 9. Calculate x(-11).
0
Let v(p) = 7*p**2 + 14*p - 10. Let z(r) = 20*r**2 + 41*r - 26. Let n(f) = 17*v(f) - 6*z(f). What is n(-6)?
-2
Let j(b) = -15*b + 17. Let v(x) = -33*x + 36. Let q(p) = 13*j(p) - 6*v(p). Calculate q(-2).
-1
Let s = 3 - 1. Let j(q) = 3*q - 3*q - q**s. Suppose -220*o + 215*o + 10 = 0. What is j(o)?
-4
Let r(b) = b**3 - 5*b**2 + 3*b. Suppose -11 = -2*q - 3*d, 0*q + 2*d - 4 = 2*q. Let f be (0/4)/(q/(-1)). Suppose f = -2*p - p + 12. What is r(p)?
-4
Let p(t) be the second derivative of -t**5/20 + 5*t**4/6 - t**3/6 + 4*t**2 - 14*t. Determine p(10).
-2
Let s(j) = j**2 - 11*j - 7. Let f be (-36)/14*(4 + 546/(-63)). Give s(f).
5
Let j(u) be the second derivative of -u**3/3 - 81*u. What is j(-1)?
2
Let k = 462 - 456. Let q(s) be the first derivative of -5*s + 1/2*s**2 + k. Determine q(4).
-1
Let l(j) = 4*j + 1. Let r(a) = -9*a - 7. Let b(f) = -2*l(f) - r(f). Determine b(15).
20
Let a(y) be the first derivative of 7*y + 9 - 1/4*y**4 - 3/2*y**2 - 2*y**3. Determine a(-5).
-3
Let x = 446 - 456. Let t(q) = q + 7. Give t(x).
-3
Let f = 252 - 252. Let n(a) be the third derivative of -1/60*a**5 + 0 + f*a - 1/6*a**4 - 2*a**2 + 1/2*a**3. Calculate n(-6).
-9
Let y(u) = 17*u + u**2 - 9 - 12*u + 5*u. What is y(-10)?
-9
Let k(u) = 7*u**3 + 2*u**2 - 3*u - 4. Let a(o) = -20*o**3 - 5*o**2 + 9*o + 11. Let g = -11 - -17. Let x(d) = g*a(d) + 17*k(d). Calculate x(5).
-12
Let s(l) = -4*l + 5. Suppose -a = -4*a - 15, -5*a = 5*z + 15. Calculate s(z).
-3
Suppose 5*u - 29 = -2*o, -5*u - 17 = 4*o - 50. Let b(l) = 7*l**2 - 5*l + 4. Let c(k) = -7*k**2 + 6*k - 5. Let j(p) = u*b(p) + 4*c(p). What is j(1)?
6
Let d(v) be the first derivative of -v**3/6 + 5*v**2/2 + 17*v + 16. Let j(c) be the first derivative of d(c). What is j(7)?
-2
Let c(g) be the first derivative of -3 + 0*g**2 - g**3 + 1/20*g**5 + 0*g - 1/8*g**4 - 1/360*g**6. Let s(x) be the third derivative of c(x). What is s(4)?
5
Suppose -o = -v - 9, 0 = 11*v - 8*v - 2*o + 22. Let n(j) = j**3 + 4*j**2 - 3*j - 4. Determine n(v).
8
Let z(n) = -n**2 - 3*n + 11. Let x be z(-4). Let o(h) = 2*h - 20. Let v be o(x). Let u(g) = -g**3 - 6*g**2 - 2*g - 5. Determine u(v).
7
Let q(r) = -r**3 - r**2 - 7. Let x(a) = a**2 + 5*a - 10. Let f be x(-7). Let g be f/22 + (-14)/77. Give q(g).
-7
Let s(i) be the third derivative of i**4/24 + 2*i**3/3 - 8*i**2. Calculate s(-7).
-3
Let r(u) be the third derivative of -u**7/5040 + u**6/144 - u**5/4 - 9*u**2. Let j(a) be the third derivative of r(a). What is j(7)?
-2
Let s be 7 - (0/3 + 3). Let b(n) be the first derivative of -n**3/3 + n**2 - 1. Let j(w) = w**2 - 2*w + 1. Let t(x) = 3*b(x) + 4*j(x). Calculate t(s).
12
Suppose 2*x + 5*m + 21 = 0, -5*x - 3 = 3*m + 2. Let b(q) = -87*q + 41*q + 2*q**x + 1 + 46*q - 2*q**3. Determine b(2).
-7
Let v(h) = h**2 - h - 7. Let s(u) = -2*u**2 + 8*u + 3. Let d be s(6). Let g = -21 - d. Give v(g).
-7
Let c(d) = -d**3 + 17*d**2 - 15*d - 22. Suppose -3*q + 36 = 4*k, 54 = 2*q + q - 2*k. Determine c(q).
-6
Let x be (1 - (-3 + 6)) + 7 + -3. Let l(p) = -26*p + 48. Determine l(x).
-4
Let i(q) be the first derivative of -1/20*q**5 - 3 + 7/2*q**2 - 1/2*q**4 - 1/2*q**3 + 5*q. Let h(n) be the first derivative of i(n). Give h(-5).
-3
Suppose m = -g + 6, 8*g - 7*g - 4*m = -19. Let a(t) = -t**2. What is a(g)?
-1
Let g(d) = d**3 + 6*d**2 + 5*d. Let z = 23 - 25. Suppose 3*w = -q + 3*q + 9, -4*w = -2*q - 10. Let n be z + q/(0 - -1). Calculate g(n).
0
Let l(k) = -k**3 - 5*k**2 + 5*k - 8. Suppose 7*c - 40 + 292 = 0. Let n = c - -30. What is l(n)?
-2
Let v(l) = l - 5. Let c be ((-6)/9)/((-6)/(-9)). Let d(f) = 9*f**2 + 3*f + 1. Let o be d(c). What is v(o)?
2
Let q(i) be the third derivative of i**6/120 - 4*i**5/15 - 5*i**3/6 + 198*i**2 - 1. Calculate q(16).
-5
Let n(w) be the third derivative of 0 + 5/24*w**4 + 1/60*w**5 + 0*w + 10*w**2 + 5/6*w**3. Give n(-6).
11
Let w(m) = m**2 - 4*m - 11. Suppose 0 = 127*i - 126*i - 6. Calculate w(i).
1
Suppose 0 = n + 4*n - 2*u + 3, -3*n + u = 1. Let k(v) = -12*v**3 + 2*v**2 - v. Calculate k(n).
-11
Let x(f) = -f**2 - f - 1. Let m(b) = -b**2 - 17*b - 3*b**2 + 19*b. Let n(a) = -m(a) + 3*x(a). Determine n(6).
3
Let z(d) = 1 - 24 + 9 - 14*d + 16*d**2 + 7*d**3 - 8*d**3. Determine z(15).
1
Let w(t) = -t**2 - 12*t - 15. Let z be w(-8). Let q = z + -16. Let d(j) = 6*j. Calculate d(q).
6
Let s(h) = -213*h**3 + 2*h**2 + 3*h**2 - 32 + 6 + 214*h**3 - 9*h. Give s(-6).
-8
Let p = 7 - 2. Suppose -42 = -p*i - 7. Let v(y) = 2*y + 4*y - i*y - 6 - 6 - y**2. Determine v(0).
-12
Suppose 4*i + 1 + 7 = -2*q, -4*i = -q - 16. Let c(p) = -p**2 - 10*p - 11. What is c(q)?
5
Let y(z) be the third derivative of 1/30*z**5 - 1/6*z**4 + 0 + 1/120*z**6 - 1/2*z**3 + 0*z + 13*z**2. What is y(-2)?
5
Let a(n) = -6*n - 19. Let l be a(-3). Let s(z) = 9*z**2 - 1. Calculate s(l).
8
Let z = -2 + 4. Let d = 32 + -18. Let u(c) = -14 - z*c + d + c. Calculate u(2).
-2
Let y(k) = -k**3 - 17*k**2 - 5. Suppose -7*d + 5*d - 34 = 0. Let j be y(d). Let s(x) = 3*x - 6 - 2*x**2 + 0*x**2 + 3*x**2. What is s(j)?
4
Let v(l) = -10*l + 5. Suppose -24 = -2*n - 4*c, 18*c + 20 = n + 22*c. Calculate v(n).
-35
Let x = 6 + 3. Let g(h) = h - 11. Give g(x).
-2
Let f(y) = -y**2 + 2*y + 1. Suppose -47*r = -49*r - 2. Calculate f(r).
-2
Let w be 4/20*25 + (1 - 1). Suppose h - 3*z - 2 = 0, 4*h + 2*z = z - w. Let j(y) = -4*y**2 - y. What is j(h)?
-3
Let x = -7 + 4. Let t(k) = -26*k - 31*k - 26*k + 85*k + k**2. Determine t(x).
3
Let k(r) = 2*r + 6. Suppose -4*x - 3*i = 2*i - 12, 3*i - 14 = x. Give k(x).
2
Let o(j) = 5*j - 11*j - 9*j + 8*j - 1. Calculate o(2).
-15
Let w(s) = -30*s**2 + 2*s + 1. Let m be ((-10)/(-5)*-1 + 1)/1. Determine w(m).
-31
Let u = -25 + 24. Let z(v) be the second derivative of -5*v**4/6 - v**3/3 - v**2/2 + v. What is z(u)?
-9
Let q(f) = f - 7. Let v be (-18)/15*20/3. Let m be 4 + 5 + (10/2 - 1). Let p = v + m. What is q(p)?
-2
Let f(k) = 6*k - 1. Let s(y) = y + 8. Let a be s(4). Let o be (((-80)/a)/(-10))/((-2)/(-3)). Determine f(o).
5
Suppose 2*r - 4*s = -0*r + 12, 0 = 2*r + 3*s - 5. Suppose m = -r*m - 35. Let d(o) = -7*o**2 + 9 - 21*o + 22*o - 296*o**3 + 295*o**3. Calculate d(m).
2
Let t(a) = 3*a - 23. Let m be 84/16 - (-217)/124. Calculate t(m).
-2
Let c(w) = -10*w**2 - 2 - 6*w**2 - 117*w - 5*w**2 + 20*w**2 + 118*w. Suppose -2*u + 4*u = 0. Give c(u).
-2
Let b = -107 - -106. Le